08 a factor of 2641519440?
True
Is 22963192 a multiple of 56?
True
Does 4140 divide 132024600?
True
Is 345 a factor of 34099800?
True
Does 10 divide 19035048?
False
Is 1246704 a multiple of 228?
True
Does 11 divide 800621171?
False
Does 212 divide 3177668?
True
Does 922 divide 53232592?
True
Is 2 a factor of 1383979?
False
Does 5 divide 364447645?
True
Is 200577303 a multiple of 4?
False
Is 1122 a factor of 4594232783?
False
Is 122 a factor of 31760089?
False
Does 5847 divide 242280432?
False
Is 156 a factor of 22297860?
True
Does 18 divide 52820532?
True
Does 2 divide 656703?
False
Does 9 divide 74663557?
False
Is 3 a factor of 150438261?
True
Is 195195020 a multiple of 271?
False
Is 342 a factor of 311425542?
True
Is 78 a factor of 10082904?
True
Does 204 divide 20312510?
False
Is 111 a factor of 9552327?
True
Is 19757787 a multiple of 29?
True
Is 31601794 a multiple of 14?
True
Is 361 a factor of 1155455447?
False
Is 2757 a factor of 210869145?
True
Is 806607956 a multiple of 3334?
True
Is 4 a factor of 3479420?
True
Is 14272410 a multiple of 674?
False
Is 211435073 a multiple of 31?
False
Is 15 a factor of 1273463970?
True
Does 55 divide 14790710?
True
Is 96477117 a multiple of 30?
False
Is 8 a factor of 63459736?
True
Is 339252220 a multiple of 310?
True
Is 6585326504 a multiple of 86?
True
Does 195 divide 20792185?
False
Is 391926860 a multiple of 65?
True
Does 2143 divide 179516967?
True
Does 2254 divide 1072256470?
False
Is 33 a factor of 6211977188?
False
Is 42588637 a multiple of 487?
True
Is 206 a factor of 3233582?
True
Is 130 a factor of 391743040?
True
Is 1522157 a multiple of 2?
False
Is 3786207 a multiple of 18?
False
Is 59058580 a multiple of 2248?
False
Is 281 a factor of 220609166?
True
Is 33 a factor of 1640166?
True
Is 147 a factor of 50013852?
False
Is 734992629 a multiple of 17?
False
Is 390436235 a multiple of 48?
False
Is 43723105 even?
False
Is 2 a factor of 29707488?
True
Does 37 divide 1147384012?
False
Does 4038 divide 184037254?
False
Is 11826919 a multiple of 81?
False
Is 5 a factor of 25121667?
False
Is 23751758 a multiple of 294?
False
Does 178 divide 3819427524?
True
Is 3 a factor of 7104317?
False
Is 2241994838 a multiple of 46?
False
Does 8 divide 115254336?
True
Is 854 a factor of 7810684?
True
Is 299282165 a multiple of 7?
True
Does 327 divide 183368831?
False
Is 38 a factor of 61018880?
True
Is 5 a factor of 90092798?
False
Does 118 divide 7274110?
True
Does 218 divide 22077514?
True
Is 143342688 a multiple of 114?
True
Does 2877 divide 9212154?
True
Does 17 divide 281898447?
False
Is 246 a factor of 365298835?
False
Does 5636 divide 128383694?
False
Does 38 divide 2042580917?
False
Does 816 divide 12829968?
True
Does 1013 divide 172245455?
True
Does 787 divide 158408982?
False
Is 365677735 a multiple of 16?
False
Is 1470 a factor of 134935710?
True
Does 24 divide 1452278400?
True
Is 196 a factor of 4012423511?
False
Is 3072589422 a multiple of 21?
True
Is 11782584 a multiple of 114?
True
Is 320300760 a multiple of 390?
True
Is 103144434 a multiple of 502?
True
Is 30 a factor of 624302482?
False
Is 3714044 a multiple of 2130?
False
Is 7951 a factor of 1002303060?
True
Is 183 a factor of 298911210?
False
Is 332 a factor of 865195797?
False
Does 66 divide 828072564?
True
Does 46 divide 82167868?
True
Is 2551250274 a multiple of 1775?
False
Is 141 a factor of 49883685?
True
Is 116019468 a multiple of 3?
True
Does 308 divide 169790367?
False
Does 2753 divide 201533156?
False
Does 37 divide 3068003481?
True
Is 1387 a factor of 134806691?
True
Is 1178 a factor of 76791042?
False
Does 176 divide 104390372?
False
Does 6 divide 884127?
False
Does 54 divide 191222370?
True
Is 782055205 a multiple of 365?
True
Is 927 a factor of 713261963?
False
Does 129 divide 247664760?
False
Is 6 a factor of 74227896?
True
Is 301150720 a multiple of 4160?
True
Is 1221 a factor of 1458670092?
True
Is 27824524 a multiple of 14?
True
Is 152 a factor of 14734134?
False
Is 1642341182 a multiple of 164?
False
Is 521267832 a multiple of 472?
True
Is 368 a factor of 326130258?
False
Is 14 a factor of 16670528?
True
Does 149 divide 125729031?
True
Is 36737594 a multiple of 107?
True
Is 20942142 a multiple of 78?
True
Does 1254 divide 222985026?
True
Does 2074 divide 169599774?
False
Is 55758025 a multiple of 25?
True
Is 939043392 a multiple of 64?
True
Is 170 a factor of 1474402474?
False
Does 330 divide 348574050?
True
Does 22 divide 16773825?
False
Does 239 divide 390614961?
False
Does 114 divide 117743646?
True
Is 48905606 a multiple of 3?
False
Is 27130208 a multiple of 342?
False
Is 85352883 a multiple of 133?
True
Is 447266190 a multiple of 105?
True
Is 4446078 a multiple of 6?
True
Does 927 divide 32839902?
True
Is 601092824 a multiple of 515?
False
Does 467 divide 558027683?
False
Is 1107 a factor of 1662690753?
True
Is 104049288 a multiple of 72?
True
Is 545141458 a multiple of 444?
False
Does 485 divide 192427300?
False
Does 92 divide 21641063?
False
Is 149206365 a multiple of 2023?
True
Is 171 a factor of 40831551?
True
Is 33298820 a multiple of 369?
False
Is 1891178077 a multiple of 140?
False
Is 13 a factor of 183049605?
False
Is 68683517 a multiple of 76?
False
Does 315 divide 391919535?
True
Does 434 divide 192462508?
True
Is 1049672448 a multiple of 144?
True
Does 4106 divide 1507591507?
False
Is 146 a factor of 116689332?
True
Is 98234067 a multiple of 1580?
False
Is 81868644 a multiple of 243?
True
Is 1215691664 a multiple of 44?
True
Is 7830900 a multiple of 36?
True
Is 2 a factor of 10070644?
True
Is 29 a factor of 51235793?
False
Is 41617692 a multiple of 7?
False
Is 233876028 a multiple of 372?
True
Does 84 divide 338916228?
True
Does 163 divide 84453071?
True
Is 56435865 a multiple of 7?
False
Does 131 divide 1794885758?
True
Is 8 a factor of 727828028?
False
Is 225431970 a multiple of 141?
False
Is 446672790 a multiple of 261?
True
Does 16 divide 2612930096?
True
Is 307 a factor of 1765803016?
False
Is 51 a factor of 52033815?
False
Is 20 a factor of 506414113?
False
Does 26 divide 989519622?
True
Does 1054 divide 64127778?
False
Is 33131715 a multiple of 43?
True
Is 222 a factor of 38269470?
True
Does 287 divide 13942390?
False
Is 1221407308 a multiple of 1738?
True
Is 1025569 a multiple of 5?
False
Is 97540610 a multiple of 197?
True
Is 78260142 a multiple of 42?
False
Is 209 a factor of 1695293989?
False
Does 677 divide 282994801?
True
Is 4 a factor of 4997935?
False
Is 9 a factor of 10994193?
True
Is 76221544 a multiple of 4?
True
Is 279 a factor of 498021696?
True
Is 345 a factor of 47279145?
True
Is 838 a factor of 11392610?
True
Is 140 a factor of 244751640?
True
Does 5 divide 360818893?
False
Does 2990 divide 2954790733?
False
Is 591 a factor of 874493835?
True
Does 226 divide 26155302?
False
Does 756 divide 316331195?
False
Does 8015 divide 446836250?
True
Is 86 a factor of 27393666?
True
Is 2210583228 a multiple of 959?
True
Is 360 a factor of 37658880?
True
Is 159044845 a multiple of 107?
False
Is 631158414 a multiple of 102?
False
Is 26559834 a multiple of 4?
False
Is 200 a factor of 560638800?
True
Is 486607878 a multiple of 1566?
True
Does 29 divide 197422604?
True
Is 57208353 a multiple of 231?
False
Does 148 divide 41953116?
True
Is 11 a factor of 316797591?
True
Does 76 divide 1073093248?
True
Does 50 divide 539852300?
True
Is 96322086 a multiple of 14?
True
Does 14 divide 2000352592?
True
Is 3089 a factor of 45077777?
True
Is 3 a factor of 844280560?
False
Is 576241118 a multiple of 168?
False
Is 84477864 even?
True
Is 263926530 a multiple of 5355?
True
Is 1456 a factor of 356709881?
False
Does 613 divide 446352885?
True
Does 825 divide 23227875?
True
Is 55 a factor of 1505167950?
True
Does 32 divide 17417184?
True
Is 149065390 a multiple of 2179?
True
Is 1677338729 a multiple of 271?
False
Is 257667190 a multiple of 199?
True
Does 3359 divide 604952541?
True
Is 3971479 a multiple of 287?
False
Does 23 divide 22060414?
False
Is 179 a factor of 123754693?
True
Is 2630 a factor of 83354633?
False
Is 177134475 a multiple of 3791?
True
Is 2267 a factor of 292508260?
False
Is 44 a factor of 42442532?
True
Does 90 divide 595751?
False
Does 5 divide 3926657?
False
Is 2713 a factor of 166852896?
Fals